alculate the remainder when 2802978 is divided by 3369.
3339
Calculate the remainder when 488779 is divided by 1354.
1339
What is the remainder when 29506306 is divided by 29?
24
Calculate the remainder when 26449034 is divided by 1421.
1382
Calculate the remainder when 239362 is divided by 4126.
54
Calculate the remainder when 219644 is divided by 218654.
990
Calculate the remainder when 32069587 is divided by 805.
802
Calculate the remainder when 4458997 is divided by 974.
25
Calculate the remainder when 4786032 is divided by 1929.
183
What is the remainder when 557711 is divided by 205?
111
What is the remainder when 2050318 is divided by 200?
118
Calculate the remainder when 39716 is divided by 19813.
90
What is the remainder when 13612288 is divided by 140?
88
Calculate the remainder when 103106 is divided by 2104.
10
Calculate the remainder when 237743 is divided by 3499.
3310
Calculate the remainder when 157668 is divided by 26218.
360
Calculate the remainder when 518124 is divided by 34518.
354
What is the remainder when 1115770 is divided by 9298?
10
Calculate the remainder when 365250 is divided by 927.
12
Calculate the remainder when 2527703 is divided by 5148.
35
What is the remainder when 8413102 is divided by 3504?
3502
Calculate the remainder when 969116 is divided by 3401.
3232
Calculate the remainder when 657822 is divided by 32891.
2
Calculate the remainder when 79881 is divided by 9269.
5729
Calculate the remainder when 729012 is divided by 2406.
2400
Calculate the remainder when 1396333 is divided by 49.
29
Calculate the remainder when 409873643 is divided by 697064.
11
Calculate the remainder when 301775 is divided by 266.
131
What is the remainder when 697462 is divided by 2363?
377
What is the remainder when 1999880542 is divided by 68?
66
What is the remainder when 3037415 is divided by 1012363?
326
Calculate the remainder when 12802164 is divided by 58.
56
Calculate the remainder when 1675083 is divided by 376.
3
Calculate the remainder when 32059 is divided by 2484.
2251
Calculate the remainder when 6443725 is divided by 1087.
1076
Calculate the remainder when 12724545 is divided by 530189.
9
What is the remainder when 162627487 is divided by 2201?
2200
Calculate the remainder when 356623 is divided by 8491.
1
Calculate the remainder when 290317350 is divided by 72579337.
2
Calculate the remainder when 459758050 is divided by 702.
700
Calculate the remainder when 1835751 is divided by 611879.
114
Calculate the remainder when 602985 is divided by 150366.
1521
Calculate the remainder when 20438598 is divided by 454191.
3
Calculate the remainder when 76539712 is divided by 43.
13
What is the remainder when 17670700 is divided by 646?
16
What is the remainder when 42740235 is divided by 97?
95
Calculate the remainder when 111876 is divided by 1217.
1129
What is the remainder when 66899101 is divided by 577?
567
Calculate the remainder when 230276 is divided by 57548.
84
Calculate the remainder when 332483 is divided by 1112.
1107
What is the remainder when 843743 is divided by 367?
10
Calculate the remainder when 27613497 is divided by 41.
38
Calculate the remainder when 359432 is divided by 11981.
2
What is the remainder when 437604 is divided by 373?
75
Calculate the remainder when 135677 is divided by 4.
1
Calculate the remainder when 56098 is divided by 529.
24
Calculate the remainder when 836646 is divided by 11155.
21
What is the remainder when 566464 is divided by 1129?
835
Calculate the remainder when 34585 is divided by 1172.
597
Calculate the remainder when 14728 is divided by 5218.
4292
What is the remainder when 1592092 is divided by 7?
5
Calculate the remainder when 4479941 is divided by 179197.
16
Calculate the remainder when 7307890 is divided by 730782.
70
Calculate the remainder when 26165215 is divided by 4312.
4311
What is the remainder when 13838914 is divided by 53?
31
Calculate the remainder when 747092 is divided by 619.
578
What is the remainder when 1306820 is divided by 2?
0
What is the remainder when 53754629 is divided by 4479552?
5
Calculate the remainder when 1917548 is divided by 1120.
108
What is the remainder when 698062 is divided by 9?
4
What is the remainder when 111373 is divided by 37095?
88
What is the remainder when 111452 is divided by 36978?
518
Calculate the remainder when 154065 is divided by 5701.
138
Calculate the remainder when 2028901 is divided by 311.
248
What is the remainder when 16066046 is divided by 2002?
1998
Calculate the remainder when 14148709 is divided by 404242.
239
What is the remainder when 154253 is divided by 1275?
1253
Calculate the remainder when 65682 is divided by 947.
339
Calculate the remainder when 1839640 is divided by 296.
0
What is the remainder when 1223 is divided by 603?
17
Calculate the remainder when 5373308 is divided by 624.
44
Calculate the remainder when 3454490 is divided by 127944.
2
What is the remainder when 192422 is divided by 19?
9
What is the remainder when 215836 is divided by 215772?
64
What is the remainder when 29361359 is divided by 141?
83
What is the remainder when 1711698 is divided by 256?
82
Calculate the remainder when 363940 is divided by 24262.
10
Calculate the remainder when 2426418 is divided by 264.
258
Calculate the remainder when 38770316 is divided by 272.
252
What is the remainder when 145540 is divided by 20778?
94
Calculate the remainder when 25684294 is divided by 8.
6
What is the remainder when 246226580 is divided by 2889?
2888
Calculate the remainder when 223700 is divided by 4352.
1748
Calculate the remainder when 5861425 is divided by 1501.
20
Calculate the remainder when 39556 is divided by 19487.
582
What is the remainder when 132705 is divided by 132617?
88
Calculate the remainder when 851092 is divided by 4625.
92
Calculate the remainder when 2052586 is divided by 40.
26
Calculate the remainder when 53708 is divided by 17827.
227
Calculate the remainder when 31961840 is divided by 108.
104
What is the remainder when 2846056 is divided by 4210?
96
What is the remainder when 206505 is divided by 2580?
105
Calculate the remainder when 1706361 is divided by 13.
7
Calculate the remainder when 692018 is divided by 691989.
29
Calculate the remainder when 698449 is divided by 2531.
2424
Calculate the remainder when 584972 is divided by 492.
476
Calculate the remainder when 67621 is divided by 644.
1
What is the remainder when 398333 is divided by 798?
131
What is the remainder when 2047914 is divided by 86?
82
Calculate the remainder when 5789925 is divided by 46.
43
Calculate the remainder when 1722916 is divided by 1722895.
21
What is the remainder when 221478 is divided by 2996?
2770
Calculate the remainder when 598571 is divided by 52.
51
Calculate the remainder when 2060243 is divided by 2106.
575
Calculate the remainder when 235441 is divided by 39126.
685
Calculate the remainder when 151632 is divided by 1703.
65
What is the remainder when 231517 is divided by 38585?
7
Calculate the remainder when 55100 is divided by 9952.
5340
What is the remainder when 113653 is divided by 11?
1
What is the remainder when 34587 is divided by 17065?
457
Calculate the remainder when 415884 is divided by 2268.
840
What is the remainder when 68007 is divided by 33942?
123
What is the remainder when 5496671 is divided by 289298?
9
What is the remainder when 76558542 is divided by 1077?
1074
What is the remainder when 17855319 is divided by 1483?
1482
Calculate the remainder when 917560878 is divided by 5645.
5643
Calculate the remainder when 38952757 is divided by 62827.
17
Calculate the remainder when 3292922 is divided by 646.
260
What is the remainder when 1061212 is divided by 353698?
118
Calculate the remainder when 338230 is divided by 167901.
2428
Calculate the remainder when 3441716 is divided by 1032.
1028
Calculate the remainder when 237232388 is divided by 3953873.
8
What is the remainder when 1215482898 is divided by 20?
18
Calculate the remainder when 6692370 is divided by 24604.
82
What is the remainder when 65359 is divided by 2598?
409
What is the remainder when 3665669 is divided by 21?
14
What is the remainder when 31043 is divided by 9683?
1994
Calculate the remainder when 535782 is divided by 19